highest common factor of 12 and z?
12
Let h(p) = -2*p**2 + 39*p + 21. Let c be h(11). What is the highest common divisor of 32 and c?
16
Suppose -2*r = 3*r - 35. Suppose 106*d = 103*d + 84. Calculate the highest common divisor of r and d.
7
Let k be 1/8 - (-6 + 1199/(-8)). Calculate the greatest common divisor of k and 117.
39
Let t(m) = m - 11. Let g be t(13). Suppose 0 = -j + 2*a - 4, -11 = -j - 4*a + a. What is the greatest common divisor of g and j?
2
Let v(q) = 18*q - 9. Let d be v(4). What is the greatest common factor of d and 14?
7
Let a = -49 - -101. What is the greatest common divisor of a and 4?
4
Suppose l - m = 15, -5*m - 48 = -3*l - m. Calculate the greatest common divisor of 3 and l.
3
Suppose 0 = -3*v + v - 5*m + 19, v - 14 = -4*m. Suppose -g + 2*j + 2*j - 7 = 0, 0 = v*g - 3*j + 4. Calculate the highest common factor of 3 and g.
1
Let t(l) = -l**2 - 6*l - 11. Let z be t(-5). Let d(r) = r**2 + 13*r + 2. Let f be d(z). Let s = f + 70. What is the highest common factor of 3 and s?
3
Let p(g) = -g**2 - 32*g + 46. Let z be p(-31). What is the highest common factor of z and 44?
11
Suppose 2*z + 2*r - 14 = 0, 5*z - r = r + 7. Let i = -3793 - -3829. Calculate the highest common factor of i and z.
3
Let v(p) be the first derivative of -p**3/3 - 5*p**2 - 3*p - 4. Let i be v(-8). Let k be 195/6*44/10. Calculate the greatest common divisor of i and k.
13
Let k be -3 - (-12 + 1 + 3). Suppose 215 = k*f + 40. Calculate the greatest common factor of 14 and f.
7
Let c(w) = -31*w - 44. Let g be c(-12). Calculate the highest common divisor of 41 and g.
41
Suppose -522 = 6*r - 35*r. Let b(n) = -n**3 - 6*n**2 - 6*n - 3. Let u be b(-5). What is the highest common divisor of r and u?
2
Let j = 1297 + -981. Calculate the greatest common divisor of j and 553.
79
Let g be 38/(-3)*(-4335)/170. What is the highest common divisor of g and 17?
17
Let w be 4*3/(-8)*6*-4. Calculate the highest common divisor of 18 and w.
18
Let g be (-6)/(-1 - 11)*66. What is the highest common divisor of g and 363?
33
Let y(w) = -2*w**3 + 53*w**2 + 35*w - 16. Let o be y(27). What is the greatest common divisor of o and 80?
40
Let s = 82 - 79. Suppose v + s*x + 4 = 0, 3*v + 4*x - 10 + 2 = 0. What is the greatest common divisor of v and 88?
8
Let l be -3 + 4 + -2 - 2*-1. Let o(f) = f**3 + 17*f**2 - f - 5. Let z be o(-17). Calculate the greatest common factor of z and l.
1
Let r(s) be the second derivative of s**5/20 + s**4/4 - s**3/6 + 6*s. Let t be r(-2). Let k = 33 + -30. Calculate the highest common divisor of t and k.
3
Suppose -4*f - 8 = -36. Suppose u - f = 2*m, 3*u = -u + 5*m + 40. Calculate the greatest common divisor of u and 165.
15
Suppose 27*i = 30*i - 12. Suppose -3*s = -i - 59. Let v be (-701 + 2)/(-3) + -2. What is the greatest common factor of s and v?
21
Let d = 1093 - 1049. Calculate the highest common factor of d and 110.
22
Suppose 4 = -o + k - 5*k, 18 = 3*o - 3*k. What is the greatest common divisor of 8 and o?
4
Suppose -2*n = -2*v + 64, v + 20 = 5*n + 48. Let j = 21 + 23. What is the greatest common divisor of j and v?
11
Let z = -7 - -147. Calculate the highest common factor of z and 266.
14
Let o = 36 + -32. Suppose o*a - 5*a + 17 = 0. Let u be ((-2)/3)/(4/(-102)). Calculate the greatest common divisor of u and a.
17
Let n = 64 - 56. What is the greatest common factor of n and 728?
8
Let t = 6 + -3. Suppose 0 = 4*v - t*m - 5 - 39, -3*v = 2*m - 16. Let n be (-3)/(-1) + -2 - -23. Calculate the greatest common divisor of v and n.
8
Let w be 1 + -3 + 5 + 1. Suppose w*g + 8 = 0, 4*l + 2*g - 5*g - 162 = 0. Let u = -3 - -16. What is the highest common divisor of u and l?
13
Let c be 1 + 54/2 + -2 + 4. What is the highest common divisor of c and 70?
10
Suppose 52 = 2*n - 4*f, f + 2*f = 0. What is the highest common factor of n and 65?
13
Suppose -3*r = -5 - 10, -4*n + 175 = 3*r. Let w be (-68)/10*1*-5. Let i = w - 18. Calculate the greatest common divisor of i and n.
8
Suppose -3*u + 4*u + 2 = 0, -2*p = -2*u - 664. Calculate the highest common divisor of p and 30.
30
Let v = -1033 + 1093. Let p be ((-72)/21)/(2/(-14)). Calculate the greatest common factor of p and v.
12
Let l(m) = -15*m**2 + 4*m**2 - 2*m + 4 + 9*m**2 + 3*m**2. Let s be (-40)/(-6) - (-14)/(-21). Let u be l(s). What is the highest common factor of u and 4?
4
Let c be 1/(-9)*-123 - (-3)/9. What is the greatest common factor of 1498 and c?
14
Let g(r) = -8 - r**3 - 77*r + 116*r - 13*r**2 - 55*r. Let a be g(-12). Calculate the highest common factor of 80 and a.
40
Suppose -226 = -4*v + k, v + 12*k - 13*k = 55. Calculate the greatest common factor of 893 and v.
19
Suppose 16*d - 21*d - 1085 = 0. Let t = -125 - d. Suppose 3*g - t = -4*y + 76, -g - 42 = -y. What is the highest common factor of 6 and y?
6
Let h(b) = -77*b - 290. Let x be h(-4). What is the highest common factor of x and 204?
6
Suppose 3*o - 37 = -4*v + 3*v, 5*v - 75 = -5*o. Calculate the greatest common factor of 11 and o.
11
Let u be -3 - (-3)/(-2)*-2. Suppose -t = -5*x - 41, -2*x + 54 = 4*t - u*x. What is the highest common factor of t and 112?
16
Suppose 114 = -25*w + 27*w. Suppose 39 + w = 8*d. Let n be ((-8)/(-12))/(2/9). What is the highest common divisor of d and n?
3
Let h = -4 - -11. Suppose 0 = -q + 23 + 4. Let z = q - h. Calculate the greatest common divisor of z and 180.
20
Suppose 5*u - 47 = -12. Suppose -u*f = 6*f - 182. What is the highest common factor of f and 98?
14
Let x = -3 + 19. Let a be (-76)/(-14) - -27*14/(-882). Suppose l - x = 2*t, -a*l + 17 + 8 = t. Calculate the highest common factor of 12 and l.
6
Let j be -61 + (-2 - -3) + -1. Let y = 112 + j. Suppose 0 = 4*k - k - 51. What is the greatest common divisor of k and y?
17
Suppose -14 = -3*c + 10. Let a = c + -13. Let o be a*(3 + 123/(-5)). What is the greatest common factor of 12 and o?
12
Let w be 22/(-55) + 0 - (-666)/15. What is the highest common factor of 116 and w?
4
Let y be ((-72)/(-5))/(1 - (-84)/(-90)). Calculate the highest common factor of 8 and y.
8
Suppose -14*n + 41*n - 30051 = 0. Calculate the highest common divisor of 84 and n.
21
Let m(p) = 36*p + 234. Let f be m(-5). Calculate the highest common factor of 1674 and f.
54
Let z(g) = 3*g**2 + 1. Let y be z(6). Suppose 5*f - k = k + y, f - k - 23 = 0. Calculate the greatest common factor of f and 14.
7
Let n = 315 - -36. What is the highest common divisor of 156 and n?
39
Suppose -2*m - 5*n + 1463 = 0, 6*m - n - 1493 = 4*m. Calculate the greatest common factor of m and 24.
24
Let q(p) be the first derivative of p**3 - 8*p**2 + 8*p - 2. Let z be q(8). What is the greatest common divisor of 9 and z?
9
Let l = 1 + -5. Let m be l + (-5)/(15/(-9)). Let p be (-4 - -16) + 0/m. Calculate the highest common factor of p and 60.
12
Suppose -126 = n - 15*n. Let c(m) = m**2 - 2. Let z be c(-2). Suppose -z*t - t + 18 = 0. What is the greatest common factor of n and t?
3
Suppose 7*x = 3*x. Suppose 6*f - 6 - 144 = x. What is the highest common divisor of 5 and f?
5
Suppose 4*y - 2*f + f - 3 = 0, 4*f + 12 = -3*y. Suppose -173 = -4*c + g - y*g, 3*c + 2*g = 138. What is the highest common divisor of c and 44?
44
Let q(a) = -a**2 + 7*a + 11. Let j be (-1)/((-4 + 2)/(-26)). Let w = -5 - j. Let p be q(w). Calculate the greatest common factor of p and 27.
3
Let p be ((-888)/(-20))/((-3)/15). Let z = p - -327. What is the greatest common divisor of 42 and z?
21
Let w = 1604 + -369. Calculate the highest common divisor of w and 95.
95
Let g = 206 + -191. Let m be -3 + 0 + (1 - -122). Calculate the highest common factor of m and g.
15
Let n(k) = 4*k**3 + k**2 - 2. Let i be n(2). Let t = i + -13. What is the highest common divisor of 7 and t?
7
Let c be (3 - 2)/(1/(-16))*1. Let g be 3*(2/6 + 1). Let r be 21/g + 4/c. Calculate the greatest common factor of 1 and r.
1
Suppose 0 = -z - 21*q + 24*q + 220, 0 = -2*z + q + 465. What is the highest common factor of z and 517?
47
Let b = -470 - -473. Calculate the greatest common divisor of b and 159.
3
Suppose 6*t + 3*t = 180. What is the greatest common factor of t and 16?
4
Let m = 164 + -79. Calculate the greatest common divisor of m and 51.
17
Suppose -698 = -4*c + r, -3*c + 514 = r + 3*r. Suppose 15 = 3*d, -5*s + d = -s + 445. Let v = s + c. What is the greatest commo